se
Is 157494643 composite?
True
Is 10318846397 prime?
True
Is 1087314031 a composite number?
True
Is 19643725526 a prime number?
False
Is 87790981 a prime number?
False
Is 204221411 prime?
True
Is 1574651063 prime?
True
Is 621171302 prime?
False
Is 1604115237 composite?
True
Is 1173172289 prime?
False
Is 698954479 a prime number?
False
Is 19692681793 a composite number?
False
Is 575211383 prime?
True
Is 234624631 composite?
True
Is 107074069 a prime number?
True
Is 118314625123 a composite number?
False
Is 3450644579 prime?
True
Is 7208740199 composite?
False
Is 45157331831 prime?
True
Is 2502506767 a composite number?
True
Is 9234870889 a composite number?
False
Is 22157106047 a composite number?
False
Is 9918697793 composite?
False
Is 44627909009 a prime number?
False
Is 99506261 prime?
True
Is 44341423009 a composite number?
True
Is 15249066751 prime?
False
Is 560413918 prime?
False
Is 24729471289 composite?
False
Is 1606511117 composite?
True
Is 87532857419 a prime number?
False
Is 311195004097 a composite number?
False
Is 8659102273 a composite number?
False
Is 160448333 a prime number?
True
Is 2483435309 a composite number?
False
Is 20841942709 a composite number?
True
Is 501175463 composite?
True
Is 20327816581 a composite number?
False
Is 1417406609 composite?
True
Is 235805543 a composite number?
False
Is 199743303 prime?
False
Is 73480923149 a prime number?
True
Is 2930525813 composite?
False
Is 14185069883 a prime number?
True
Is 18150433481 a prime number?
True
Is 1531270417 a prime number?
True
Is 345861757 a composite number?
True
Is 5568619567 prime?
False
Is 1619582611 prime?
False
Is 1824974617 a prime number?
True
Is 8296163023 prime?
False
Is 5069697431 prime?
True
Is 8587658831 a prime number?
True
Is 154352269 prime?
False
Is 980308861 prime?
False
Is 659530319 prime?
False
Is 51226181309 composite?
False
Is 10254922361 a prime number?
True
Is 8761089101 a prime number?
True
Is 162869033 a prime number?
False
Is 103178359 composite?
True
Is 1428174227 a prime number?
True
Is 9421105391 composite?
False
Is 27907358 composite?
True
Is 93091728283 a composite number?
True
Is 893460863 a composite number?
True
Is 422597897 a prime number?
True
Is 83657824093 prime?
True
Is 2594306146 a prime number?
False
Is 839372279 a prime number?
False
Is 115977835733 a composite number?
False
Is 871873087 a composite number?
False
Is 1244262391 a composite number?
True
Is 920177939 a prime number?
True
Is 9132951391 a composite number?
False
Is 197407939 a prime number?
False
Is 4271459617 a prime number?
False
Is 1150086523 prime?
True
Is 2950410161 prime?
True
Is 7418458297 composite?
True
Is 1747892953 a prime number?
False
Is 313049923 composite?
True
Is 136038234317 prime?
True
Is 2064893101 a composite number?
True
Is 654910819 a composite number?
False
Is 5856368939 a prime number?
True
Is 8174498957 composite?
True
Is 3335305913 a composite number?
False
Is 61152969155 a prime number?
False
Is 8051723359 prime?
True
Is 10597492699 composite?
True
Is 7179033937 a prime number?
True
Is 1829588179 prime?
True
Is 3431868397 a prime number?
True
Is 230579311 a prime number?
False
Is 1506691619 a composite number?
False
Is 1423566581 a composite number?
False
Is 10931089173 composite?
True
Is 4577860387 a prime number?
False
Is 14320028941 prime?
False
Is 30622408963 a composite number?
False
Is 202072282613 a composite number?
False
Is 292570129 prime?
False
Is 10477527173 prime?
False
Is 4840135557 composite?
True
Is 667641859 prime?
True
Is 3002546369 composite?
False
Is 4719016685 composite?
True
Is 999650513 prime?
True
Is 55553088923 a composite number?
False
Is 1369383853 a composite number?
False
Is 1692787619 prime?
True
Is 693969979 a composite number?
True
Is 1353070858 prime?
False
Is 111479984107 prime?
False
Is 10387915663 a composite number?
True
Is 206931229 a composite number?
False
Is 3404359949 prime?
False
Is 1764209099 a composite number?
True
Is 2784490439 prime?
False
Is 13205296007 composite?
False
Is 809719663 composite?
False
Is 30313870387 prime?
True
Is 15876931001 a composite number?
False
Is 2283307367 prime?
False
Is 278101774679 a prime number?
True
Is 8582145251 a composite number?
True
Is 59658078917 prime?
True
Is 34697026487 prime?
False
Is 8551194073 composite?
True
Is 43161799207 composite?
True
Is 8497926319 prime?
True
Is 2908503503 a prime number?
False
Is 31695479 a prime number?
False
Is 530074123 prime?
False
Is 27368338289 a prime number?
True
Is 30065092549 prime?
True
Is 2754435661 composite?
False
Is 3387455567 a prime number?
True
Is 58364305039 a prime number?
False
Is 131239928849 composite?
True
Is 38025322637 a composite number?
False
Is 7416959969 a prime number?
True
Is 23663812577 a prime number?
True
Is 233759099507 prime?
False
Is 97848557 composite?
False
Is 2267542391 a composite number?
True
Is 14944737211 a prime number?
True
Is 8858431 prime?
True
Is 58926873 a composite number?
True
Is 877251769 prime?
False
Is 3692162371 a composite number?
False
Is 1551343753 a prime number?
True
Is 284003539427 prime?
False
Is 739956863 a composite number?
False
Is 16246031 composite?
False
Is 6203789483 prime?
True
Is 196182509 composite?
False
Is 1131052999 prime?
True
Is 2079336247 prime?
True
Is 4209908821 a composite number?
False
Is 746002553 composite?
False
Is 3953926877 prime?
True
Is 15259529287 composite?
False
Is 1968965963 a composite number?
True
Is 20562573013 composite?
True
Is 14882181227 composite?
True
Is 839557441 prime?
False
Is 3578384531 composite?
True
Is 470732671 a composite number?
False
Is 433280849 prime?
False
Is 356173927 composite?
False
Is 17315506763 prime?
False
Is 2678773817 prime?
True
Is 1012612661 a composite number?
False
Is 155701070647 a composite number?
True
Is 423321133 a composite number?
False
Is 64807368841 a composite number?
True
Is 941811701 prime?
True
Is 70323385819 a composite number?
True
Is 1024315373 a composite number?
True
Is 58769322683 a prime number?
False
Is 32431987 a composite number?
True
Is 69615221033 a composite number?
False
Is 2603662667 composite?
False
Is 148402349 a prime number?
True
Is 168315655213 a prime number?
False
Is 2135091547 a prime number?
False
Is 4166021 prime?
False
Is 145726547 composite?
False
Is 26392003507 a composite number?
True
Is 12646541 a prime number?
False
Is 3619915877 prime?
False
Is 563256961 a composite number?
False
Is 305523343 prime?
True
Is 3707604487 composite?
False
Is 8427612513 prime?
False
Is 103423297 a prime number?
True
Is 288472493 a prime number?
False
Is 18069624857 composite?
True
Is 22523062847 a prime number?
True
Is 754278793 a composite number?
False
Is 2311851253 a prime number?
True
Is 29916129991 composite?
True
Is 688675549 a prime number?
True
Is 7368973643 a prime number?
True
Is 6788742938 a prime number?
False
Is 442753513 composite?
False
Is 10672515239 prime?
True
Is 122112113 a prime number?
True
Is 6191099143 a prime number?
False
Is 551600451911 a prime number?
True
Is 1284873179 a composite number?
False
Is 46224847349 prime?
True
Is 1268915981 prime?
True
Is 529923523 prime?
True
Is 962820751 prime?
True
Is 23426513031 a prime number?
False
Is 78016945063 a prime number?
True
Is 236828269 a composite number?
False
Is 683184977 composite?
False
Is 338186203 prime?
True
Is 96305441 composite?
False
Is 241494646117 a composite number?
True
Is 1296833911 a composite number?
True
Is 3491884499 a prime number?
True
Is 751230121 prime?
False
Is 10369492789 composite?
False
Is 30492231013 composite?
False
Is 12720518561 a composite number?
False
Is 8825631979 composite?
True
Is 24523054373 composite?
False
Is 3611035277 prime?
False
Is 1373646887 composite?
False
Is 9978566291 composite?
False
Is 8409880813 composite?
False
Is 2417981897 a composite number?
False
Is 1549847567 a composite number?
False
Is 206471560037 composite?
False
Is 75632604319 composite?
False
Is 640329451 a composite number?
False
Is 140684633 composite?
True
Is 31708887619 prime?
True
Is 839580549 prime?
False
Is 10388521219 composite?
False
Is 1293371269 a prime number?
True
Is 4720416413 a prime number?
False
Is 28637175937 prime?
False
Is 42258623739 prime?
False
Is 112982431